{"id":1850,"date":"2026-03-27T12:46:14","date_gmt":"2026-03-27T12:46:14","guid":{"rendered":"https:\/\/vrbaukonzept.de\/?page_id=1850"},"modified":"2026-03-28T16:04:35","modified_gmt":"2026-03-28T16:04:35","slug":"wer-sind-wir","status":"publish","type":"page","link":"https:\/\/vrbaukonzept.de\/index.php\/wer-sind-wir\/","title":{"rendered":"\u00dcber uns"},"content":{"rendered":"\n<figure class=\"wp-block-image alignfull size-large wp-duotone-unset-1\"><img loading=\"lazy\" decoding=\"async\" width=\"1024\" height=\"171\" src=\"https:\/\/vrbaukonzept.de\/wp-content\/uploads\/2026\/03\/dummy_header-1024x171.jpg\" alt=\"\" class=\"wp-image-1881\" srcset=\"https:\/\/vrbaukonzept.de\/wp-content\/uploads\/2026\/03\/dummy_header-1024x171.jpg 1024w, https:\/\/vrbaukonzept.de\/wp-content\/uploads\/2026\/03\/dummy_header-300x50.jpg 300w, https:\/\/vrbaukonzept.de\/wp-content\/uploads\/2026\/03\/dummy_header-768x128.jpg 768w, https:\/\/vrbaukonzept.de\/wp-content\/uploads\/2026\/03\/dummy_header-1536x256.jpg 1536w, https:\/\/vrbaukonzept.de\/wp-content\/uploads\/2026\/03\/dummy_header-2048x341.jpg 2048w\" sizes=\"auto, (max-width: 1024px) 100vw, 1024px\" \/><\/figure>\n\n\n<style>.kb-row-layout-id1850_87d8db-3c > .kt-row-column-wrap{align-content:start;}:where(.kb-row-layout-id1850_87d8db-3c > .kt-row-column-wrap) > .wp-block-kadence-column{justify-content:start;}.kb-row-layout-id1850_87d8db-3c > .kt-row-column-wrap{column-gap:var(--global-kb-gap-md, 2rem);row-gap:var(--global-kb-gap-md, 2rem);padding-top:var(--global-kb-spacing-sm, 1.5rem);padding-bottom:var(--global-kb-spacing-sm, 1.5rem);grid-template-columns:minmax(0, 1fr);}.kb-row-layout-id1850_87d8db-3c > .kt-row-layout-overlay{opacity:0.30;}@media all and (max-width: 1024px){.kb-row-layout-id1850_87d8db-3c > .kt-row-column-wrap{grid-template-columns:minmax(0, 1fr);}}@media all and (max-width: 767px){.kb-row-layout-id1850_87d8db-3c > .kt-row-column-wrap{grid-template-columns:minmax(0, 1fr);}}<\/style><div class=\"kb-row-layout-wrap kb-row-layout-id1850_87d8db-3c alignnone wp-block-kadence-rowlayout\"><div class=\"kt-row-column-wrap kt-has-1-columns kt-row-layout-equal kt-tab-layout-inherit kt-mobile-layout-row kt-row-valign-top\">\n<style>.kadence-column1850_1e8c37-0c > .kt-inside-inner-col,.kadence-column1850_1e8c37-0c > .kt-inside-inner-col:before{border-top-left-radius:0px;border-top-right-radius:0px;border-bottom-right-radius:0px;border-bottom-left-radius:0px;}.kadence-column1850_1e8c37-0c > .kt-inside-inner-col{column-gap:var(--global-kb-gap-sm, 1rem);}.kadence-column1850_1e8c37-0c > .kt-inside-inner-col{flex-direction:column;}.kadence-column1850_1e8c37-0c > .kt-inside-inner-col > .aligncenter{width:100%;}.kadence-column1850_1e8c37-0c > .kt-inside-inner-col:before{opacity:0.3;}.kadence-column1850_1e8c37-0c{position:relative;}@media all and (max-width: 1024px){.kadence-column1850_1e8c37-0c > .kt-inside-inner-col{flex-direction:column;justify-content:center;}}@media all and (max-width: 767px){.kadence-column1850_1e8c37-0c > .kt-inside-inner-col{flex-direction:column;justify-content:center;}}<\/style>\n<div class=\"wp-block-kadence-column kadence-column1850_1e8c37-0c\"><div class=\"kt-inside-inner-col\">\n<h1 class=\"wp-block-heading has-theme-palette-14-color has-text-color has-link-color wp-elements-d0b57baf05c7cb0c86bb9ce730367d63\">\u00dcber uns<\/h1>\n<\/div><\/div>\n\n<\/div><\/div>\n\n<style>.kb-row-layout-id1850_f6d7e9-f7 > .kt-row-column-wrap{align-content:start;}:where(.kb-row-layout-id1850_f6d7e9-f7 > .kt-row-column-wrap) > .wp-block-kadence-column{justify-content:start;}.kb-row-layout-id1850_f6d7e9-f7 > .kt-row-column-wrap{column-gap:var(--global-kb-gap-lg, 4rem);row-gap:var(--global-kb-gap-md, 2rem);padding-top:var(--global-kb-spacing-sm, 1.5rem);padding-bottom:var(--global-kb-spacing-sm, 1.5rem);grid-template-columns:repeat(2, minmax(0, 1fr));}.kb-row-layout-id1850_f6d7e9-f7 > .kt-row-layout-overlay{opacity:0.30;}@media all and (max-width: 1024px){.kb-row-layout-id1850_f6d7e9-f7 > .kt-row-column-wrap{grid-template-columns:repeat(2, minmax(0, 1fr));}}@media all and (max-width: 767px){.kb-row-layout-id1850_f6d7e9-f7 > .kt-row-column-wrap{grid-template-columns:minmax(0, 1fr);}}<\/style><div class=\"kb-row-layout-wrap kb-row-layout-id1850_f6d7e9-f7 alignnone wp-block-kadence-rowlayout\"><div class=\"kt-row-column-wrap kt-has-2-columns kt-row-layout-equal kt-tab-layout-inherit kt-mobile-layout-row kt-row-valign-top\">\n<style>.kadence-column1850_ce154d-f4 > .kt-inside-inner-col,.kadence-column1850_ce154d-f4 > .kt-inside-inner-col:before{border-top-left-radius:0px;border-top-right-radius:0px;border-bottom-right-radius:0px;border-bottom-left-radius:0px;}.kadence-column1850_ce154d-f4 > .kt-inside-inner-col{column-gap:var(--global-kb-gap-sm, 1rem);}.kadence-column1850_ce154d-f4 > .kt-inside-inner-col{flex-direction:column;}.kadence-column1850_ce154d-f4 > .kt-inside-inner-col > .aligncenter{width:100%;}.kadence-column1850_ce154d-f4 > .kt-inside-inner-col:before{opacity:0.3;}.kadence-column1850_ce154d-f4{position:relative;}@media all and (max-width: 1024px){.kadence-column1850_ce154d-f4 > .kt-inside-inner-col{flex-direction:column;justify-content:center;}}@media all and (max-width: 767px){.kadence-column1850_ce154d-f4 > .kt-inside-inner-col{flex-direction:column;justify-content:center;}}<\/style>\n<div class=\"wp-block-kadence-column kadence-column1850_ce154d-f4\"><div class=\"kt-inside-inner-col\">\n<h2 class=\"wp-block-heading\">VR Baukonzept<\/h2>\n\n\n\n<p>Wir sind ein seit vielen Jahren etablierter Handwerksbetrieb mit Sitz in Lauf an der Pegnitz \u2013 t\u00e4tig in der gesamten Metropolregion N\u00fcrnberg und dar\u00fcber hinaus. <\/p>\n\n\n\n<p>Zuverl\u00e4ssig begleitet unser Unternehmen Bau- und Renovierungsvorhaben von der ersten Idee bis zur fertigen Umsetzung.<\/p>\n<\/div><\/div>\n\n\n<style>.kadence-column1850_49d3d8-96 > .kt-inside-inner-col,.kadence-column1850_49d3d8-96 > .kt-inside-inner-col:before{border-top-left-radius:0px;border-top-right-radius:0px;border-bottom-right-radius:0px;border-bottom-left-radius:0px;}.kadence-column1850_49d3d8-96 > .kt-inside-inner-col{column-gap:var(--global-kb-gap-sm, 1rem);}.kadence-column1850_49d3d8-96 > .kt-inside-inner-col{flex-direction:column;}.kadence-column1850_49d3d8-96 > .kt-inside-inner-col > .aligncenter{width:100%;}.kadence-column1850_49d3d8-96 > .kt-inside-inner-col:before{opacity:0.3;}.kadence-column1850_49d3d8-96{position:relative;}@media all and (max-width: 1024px){.kadence-column1850_49d3d8-96 > .kt-inside-inner-col{flex-direction:column;justify-content:center;}}@media all and (max-width: 767px){.kadence-column1850_49d3d8-96 > .kt-inside-inner-col{flex-direction:column;justify-content:center;}}<\/style>\n<div class=\"wp-block-kadence-column kadence-column1850_49d3d8-96\"><div class=\"kt-inside-inner-col\">\n<h2 class=\"wp-block-heading\"><strong>Erfahrung z\u00e4hlt<\/strong><\/h2>\n\n\n\n<p>Gef\u00fchrt wird das Unternehmen von&nbsp;Rolland Reizer und Stefan Vas. Die beiden bringen in jedes Projekt ihre langj\u00e4hrige und internationale Erfahrung im Bauhandwerk engagiert mit ein.<\/p>\n\n\n\n<p>Rolland Reizer als kompetenter Ansprechpartner im Kundenkontakt und Stefan Vas mit seiner jahrzehntelangen Erfahrung auf der Baustelle. Damit stehen pers\u00f6nliche Beratung, transparente Kommunikation und Verl\u00e4sslichkeit im Zentrum der Zusammenarbeit.<\/p>\n<\/div><\/div>\n\n<\/div><\/div>","protected":false},"excerpt":{"rendered":"<p>\u00dcber uns VR Baukonzept Wir sind ein seit vielen Jahren etablierter Handwerksbetrieb mit Sitz in Lauf an der Pegnitz \u2013 t\u00e4tig in der gesamten Metropolregion N\u00fcrnberg und dar\u00fcber hinaus. Zuverl\u00e4ssig begleitet unser Unternehmen Bau- und Renovierungsvorhaben von der ersten Idee bis zur fertigen Umsetzung. Erfahrung z\u00e4hlt Gef\u00fchrt wird das Unternehmen von&nbsp;Rolland Reizer und Stefan Vas&#8230;.<\/p>\n","protected":false},"author":1,"featured_media":0,"parent":0,"menu_order":0,"comment_status":"closed","ping_status":"closed","template":"","meta":{"_kadence_starter_templates_imported_post":false,"_kad_post_transparent":"","_kad_post_title":"","_kad_post_layout":"","_kad_post_sidebar_id":"","_kad_post_content_style":"","_kad_post_vertical_padding":"","_kad_post_feature":"","_kad_post_feature_position":"","_kad_post_header":false,"_kad_post_footer":false,"_kad_post_classname":"","footnotes":""},"class_list":["post-1850","page","type-page","status-publish","hentry"],"_links":{"self":[{"href":"https:\/\/vrbaukonzept.de\/index.php\/wp-json\/wp\/v2\/pages\/1850","targetHints":{"allow":["GET"]}}],"collection":[{"href":"https:\/\/vrbaukonzept.de\/index.php\/wp-json\/wp\/v2\/pages"}],"about":[{"href":"https:\/\/vrbaukonzept.de\/index.php\/wp-json\/wp\/v2\/types\/page"}],"author":[{"embeddable":true,"href":"https:\/\/vrbaukonzept.de\/index.php\/wp-json\/wp\/v2\/users\/1"}],"replies":[{"embeddable":true,"href":"https:\/\/vrbaukonzept.de\/index.php\/wp-json\/wp\/v2\/comments?post=1850"}],"version-history":[{"count":5,"href":"https:\/\/vrbaukonzept.de\/index.php\/wp-json\/wp\/v2\/pages\/1850\/revisions"}],"predecessor-version":[{"id":1887,"href":"https:\/\/vrbaukonzept.de\/index.php\/wp-json\/wp\/v2\/pages\/1850\/revisions\/1887"}],"wp:attachment":[{"href":"https:\/\/vrbaukonzept.de\/index.php\/wp-json\/wp\/v2\/media?parent=1850"}],"curies":[{"name":"wp","href":"https:\/\/api.w.org\/{rel}","templated":true}]}}